t the prime factors of g(j).
3, 5
Let d(x) = -x**3 + 15*x**2 - 2*x + 26. What are the prime factors of d(12)?
2, 7, 31
Let i(w) = 4*w + 28. Suppose 6 = -11*s + 10*s. What are the prime factors of i(s)?
2
Let p(h) = 2*h - 14. Let f be p(10). Suppose 0 = 2*t - 4*t + f. Suppose -5*s + 140 = -3*w, t*s - 4*w + 22 = 117. List the prime factors of s.
5
Suppose -3*g = 1950 - 12903. List the prime factors of g.
3, 1217
Suppose -5*r - 3*u = 65, -2*r - 6 + 1 = -3*u. Let f(n) = 3*n + 35. List the prime factors of f(r).
5
Let w(q) = 13*q**2 - 5*q - 2. Let h(p) = 12*p**2 - 6*p - 2. Let m(v) = -2*h(v) + 3*w(v). Let o be m(-4). List the prime factors of (-20)/(-70) + o/7.
2, 3
Let i = 408 - 219. Suppose -219 = -4*w + i. Suppose -9*b - w = -11*b. List the prime factors of b.
3, 17
Let r be 12/48 - 38/(-8). Let y(n) = -r + n + 4 + 4 + 3. What are the prime factors of y(-4)?
2
Let j be ((-315)/(-10))/7*-6. Let z be (-2)/(-9) - 48/j. List the prime factors of (1 - -19)/(z/2).
2, 5
Let j(l) = -l**3 + 34*l**2 + l + 8. What are the prime factors of j(34)?
2, 3, 7
Let h(p) = -218*p - 54. List the prime factors of h(-13).
2, 5, 139
Suppose 3*g = 2*g + 3. Suppose 0 = -2*r + 88 + 18. Suppose g*t + 8 = r. List the prime factors of t.
3, 5
Let n(u) = 11 + u + 0*u + 0. Let p be n(-11). List the prime factors of p/8 - 36/(-1).
2, 3
Let c(j) = 2*j + j + 3*j + 6 + 4*j**2 + 12*j**2. What are the prime factors of c(-2)?
2, 29
Suppose 4*i = 4*y + 6204, 2920 - 10667 = -5*i - 3*y. List the prime factors of i.
2, 5, 31
Let f = -43 - -40. Let h(y) = -19*y - 13. List the prime factors of h(f).
2, 11
Let w be (-1)/(-2) + ((-222)/(-4) - 2). Suppose u = 6*u - 250. Suppose -w = -4*x + u. List the prime factors of x.
2, 13
Let i = -10 + 6. Let c = 11 + i. Suppose 2*p + 1 = c. List the prime factors of p.
3
Suppose -2*m + 2*w - 6*w = -494, -w - 519 = -2*m. List the prime factors of m.
257
Suppose 0 = -2*m + 70 + 40. Let s = 973 - 853. Suppose -m = -5*f + s. What are the prime factors of f?
5, 7
Suppose 3672 = -v + 13*v. List the prime factors of v.
2, 3, 17
Let n(q) = q**2 - 10*q - 7. Suppose 33 = y + 2*y. Let s be n(y). Let p = 11 - s. What are the prime factors of p?
7
Suppose -9*o = -8*o - 163. Suppose -w - 5*y - o = -5*w, 2*y = -6. What are the prime factors of w?
37
Suppose -d + 3*d + 5*k = 58, -3*d + 94 = 4*k. Let r be (72/(-60))/((-6)/40). Let h = d - r. List the prime factors of h.
2, 13
Let g be 1/(-2) - 4638/(-4). Suppose 0 = 8*z - g - 345. What are the prime factors of z?
2, 47
Suppose -11*v + 4*v + 16198 = 0. What are the prime factors of v?
2, 13, 89
Let d = -49 + 98. Let u = -86 + d. Let r = -23 - u. List the prime factors of r.
2, 7
Let s(d) = -d**3 + 31*d**2 + 580. List the prime factors of s(0).
2, 5, 29
Let v = -230 + 695. Suppose -4*l + 455 = -n, -3*l - l + v = n. What are the prime factors of l?
5, 23
Suppose 15 = -5*k + 60. Let v(b) = 3*b + 3*b - k*b - 13. List the prime factors of v(-9).
2, 7
Let g(c) = 172*c - 18. What are the prime factors of g(7)?
2, 593
Suppose -2*g + 0 = 8. Let i be (-2)/(-4) - g/(-8). Let y(h) = -h**2 - 2*h + 27. What are the prime factors of y(i)?
3
Let w = 17 + 139. Suppose 7*i = 3*i + w. List the prime factors of i.
3, 13
Suppose -4*r - 4*r - 16 = 0. Let t(h) = -20*h**3 - h**2 - 3*h - 5. List the prime factors of t(r).
157
List the prime factors of -2 + 21/(-7) + 328.
17, 19
Let x = -142 + 91. Let k = -30 - x. Let c = 38 - k. List the prime factors of c.
17
Suppose -2*f - 14 = -4*i, -1 = -f + 4*f - i. Let b(c) = -f - 11*c + 2 + 5 + 2*c**2. List the prime factors of b(7).
3
Let c be 2 + 0 + -2 - -97. Suppose -3*y + c = -125. List the prime factors of y.
2, 37
Let m be ((-8)/(-5))/(13/65). Suppose 292 = m*x - 156. List the prime factors of (-1 + -5)*x/(-6).
2, 7
Let c(r) = -r**3 - 10*r**2 + 3*r + 9. Let w be c(-10). Let h = 99 + w. Suppose 5*q = 4*v + 130, h = 4*q - v + 3*v. What are the prime factors of q?
2, 11
Let z(v) = 4*v**3 - 3*v**2 + 2*v - 1. Let y(x) = -x**3 - x + 1. Let i(u) = -3*y(u) - z(u). Let a be i(4). Let w = a - -36. What are the prime factors of w?
2, 11
Let w(g) = -10*g - 10. Let n = -13 + 18. Let o(h) = -9*h - 10. Let v(r) = n*o(r) - 4*w(r). What are the prime factors of v(-5)?
3, 5
Let t(f) be the third derivative of f**4/24 + f**3/3 + f**2. Suppose 2*r + 7 = h + 3, -3*h = 3*r - 12. List the prime factors of t(h).
2, 3
Suppose 0 = 3*z + 4*n - 5, 4*z = -3*n + 7*n + 16. Let k(q) = -3*q - 1. Let u be k(z). What are the prime factors of u/1*(-228)/30?
2, 19
Let w be (-86)/(-18) + (-18)/(-81). Suppose 0*c - 3*n = 2*c - 9, -n - 31 = -w*c. List the prime factors of (-3 - -24)/(c/8).
2, 7
Let f(a) = 7*a - 1. Let q = 26 - 22. Let g be f(q). Suppose 3*k + 2*n - 123 = 3*n, 5*n = k - g. What are the prime factors of k?
2, 3, 7
Let a = 38 + 22. Suppose 6*b = -a + 918. List the prime factors of b.
11, 13
Let o(w) = -18*w**3 - 5*w**2 - 6*w - 5. List the prime factors of o(-3).
2, 227
Let x(v) = 20*v - 25. Let n be x(-8). Let y = -130 - n. List the prime factors of y.
5, 11
Let v(a) = 747*a**2 - 11*a - 12. List the prime factors of v(-1).
2, 373
Let r be (-42)/(-1) + (1 - -3). Let p = 32 + r. What are the prime factors of p?
2, 3, 13
List the prime factors of (21074/10 - 16/40) + -5.
2, 1051
Let p be (4/(-5))/((-12)/(-30)). What are the prime factors of (543/(-6) - -1)*p?
179
Let x(o) = 63*o - 42. Let d(j) = -5*j + 1 + 4 + 1 - 4*j. Let u(z) = 27*d(z) + 4*x(z). What are the prime factors of u(7)?
3, 19
Suppose -3*a + 2*a - 10 = 0. What are the prime factors of (-10)/25 + (-24)/a?
2
What are the prime factors of (-6)/(-9)*4329/6?
13, 37
Suppose 0 = 8*u + 1009 - 121. Let h = u - -242. What are the prime factors of h?
131
Suppose 3*t - m - 4*m = 53, -4*m - 4 = 0. List the prime factors of t.
2
Suppose 6845 = 7*u - 2*u. What are the prime factors of u?
37
Suppose 0 = 6*x + x + 392. Let j = x - -119. What are the prime factors of j?
3, 7
Let w = -464 + 1025. List the prime factors of w.
3, 11, 17
Let d(g) = -g**2 - 5*g + 4. Let p be d(-6). List the prime factors of p*((-53)/2)/1 - -2.
5, 11
Suppose 5*c = 4*a + 121, -6*c + 120 = -c - 5*a. Let g = 28 - c. What are the prime factors of g?
3
Let q(z) = -z - 17. Let g(h) = 16. Let o(j) = -4*g(j) - 3*q(j). Suppose -6*m + 55 = -m. What are the prime factors of o(m)?
2, 5
Suppose 5*h - 2*r - 4497 = 0, 4*h - r + 4*r = 3593. List the prime factors of h.
29, 31
Let c(x) = x**2 - 10*x - 6. Let g = 3 - -7. Let y be c(g). What are the prime factors of (287/21)/((-2)/y)?
41
Let g(p) = -3*p + 27. Let y be g(8). Suppose 2*k = k - 5*m + 128, 5*k = y*m + 668. What are the prime factors of k?
7, 19
Let k be 2 + 6*6/4. Let z = 9 - k. List the prime factors of 10 - (z + 5 + -4).
11
Let t(u) = u**3 - 4*u**2 - 4*u**2 - 5 - 10*u + 7*u + 6*u. Let q be t(8). What are the prime factors of 2/(-2)*0 + q?
19
Suppose -5*r - 18 = g - 2*r, -3*g - 5*r = 58. Let o = 34 + g. List the prime factors of o.
13
Suppose -27 = 16*q - 19*q. Suppose q*l - 10*l = -33. List the prime factors of l.
3, 11
Let m = 23 - 51. What are the prime factors of (-4)/m - (-398)/7?
3, 19
Let a(f) = -10*f - 38. List the prime factors of a(-12).
2, 41
Suppose -3*a - 5*y = 3 - 2, -a + 5 = -y. Suppose k - 202 = a*u, -3*u = -1 + 4. What are the prime factors of k?
199
Let f(l) = 2*l**2 + 9*l + 19. Let x be f(-7). Suppose -58*b + x*b + 152 = 0. Let w = b + -34. What are the prime factors of w?
2
Let u(t) = 2*t**2 + 3 - 17*t - 4*t + 3*t. Let m(p) = 5*p - 56. Let j be m(13). List the prime factors of u(j).
3
Suppose -17*r = -29*r + 4116. List the prime factors of r.
7
Suppose -14*b - 396 = 24. List the prime factors of (b - -31)*((-154)/(-2) - 0).
7, 11
Let b = -87 + 89. Suppose 4*k + f = 296, -b*k + 112 = -3*f - 50. List the prime factors of k.
3, 5
What are the prime factors of (72/30)/(786/(-790) - -1)?
2, 3, 79
Suppose 2*p + 3*o - 932 = 0, -8*o + 11*o = 12. What are the prime factors of p?
2, 5, 23
Suppose 5*i - 4*p = 622 + 462, 5*i + 3*p - 1112 = 0. List the prime factors of i.
2, 5, 11
Let t be (-11)/5 - 32/40. Let j = t + 78. What are the prime factors of j?
3, 5
What are the prime factors of 3 + -4 + -3 - -3*47?
137
Let g be ((-11)/(22/6))/((-6)/4). List the prime factors of (-1)/g*(-62 - -16).
23
Suppose -2*w - 3*w - 4*p + 38 = 0, -w = -2*p - 2. Supp